f -m**6/360 - m**5/15 - m**4/4 - m**3/3 - 8*m - 57. Let w(j) be the third derivative of i(j). Give w(-8).
-6
Let y(x) be the second derivative of 0 - 7*x + 9/2*x**2 + 1/12*x**4 + 3/2*x**3. Suppose -3*t + 4*u - 2 = 2, 5*t + 35 = u. Determine y(t).
1
Let l be (-6)/(-3) + -4 + 4. Let x be (-5)/l*8/(-5). Let q(v) = 2*v + v + 2*v - x + v**2. Determine q(-3).
-10
Let v(m) be the third derivative of m**6/120 + 2*m**5/15 + 11*m**3/6 + 3*m**2. Suppose 3*j + 15 = 0, 0 = 2*a + 3*a + j + 45. Calculate v(a).
11
Let v = -4 + 6. Let i(j) = -v*j + 4*j**2 + 2*j**2 - j**2 - 4*j**2. Calculate i(3).
3
Let m(h) = -h**3 + 5*h**2 - 4*h + 2. Let f be m(3). Suppose -8*p = f + 16. Let r(u) = -u**3 - 2*u**2 + 1. What is r(p)?
10
Let d(w) be the third derivative of w**8/20160 + w**7/560 + w**6/240 - w**5/20 - 21*w**2. Let u(n) be the third derivative of d(n). Calculate u(-7).
-11
Let k(o) = -o + 1. Let v(x) = -21*x - 2. Let q(j) = 43*j + 5. Let s(a) = -6*q(a) - 13*v(a). Let w(d) = 3*k(d) + s(d). What is w(1)?
11
Let w be (18/(-9))/(-3 - 1 - -3). Let y(r) be the first derivative of 5 + r - 1/4*r**4 - 1/3*r**3 - 1/2*r**w. Determine y(-2).
7
Let o(r) = -3 + 5*r - 1 + 5. Let c(x) = -17*x - 33. Let u be c(-2). Determine o(u).
6
Let k(o) = -2*o - 4 + o + 5. Suppose -h + 3*w - 8 = 1, -3*w = -9. Calculate k(h).
1
Let j(b) = -5*b - 1. Suppose -3*i + 50 = 2*i. Suppose q - i = -3. Suppose 3 = 5*z - q, -3*s + 13 = 5*z. What is j(s)?
-6
Let i(a) = -2*a**2 + 4*a - 2. Let r = 3 + -2. Let u be -3 + r - 0 - -7. Suppose u*v - 7*b = -4*b + 24, -4*b = 3*v + 3. Give i(v).
-8
Let i = -10 + 15. Suppose -i*j = -4*x + 24, 0*x - 2*x + 3*j = -14. Let h(w) = -4 - w - 4 + x + 0. Determine h(0).
-7
Let i be (-13)/((-91)/(-14)) + 12 + -7. Let g(j) = 2*j**3 + j**2 - 2*j + 2. Calculate g(i).
59
Let c be ((-84)/(-105))/(-2 - 24/(-15)). Let o(h) = h**3 + 3*h**2 - 2. What is o(c)?
2
Suppose 3*j + 10 = 4*j - c, 0 = 5*j - 2*c - 38. Let k(y) be the second derivative of y**4/12 - y**3 - 3*y**2 + 3*y. Calculate k(j).
-6
Let n(i) = -1 + 4*i**2 + 430*i - i**2 - 428*i. Calculate n(-2).
7
Let l(w) = -4*w**3 - 3*w**2 + 5*w - 3. Let p = -1219 + 1220. Give l(p).
-5
Let r(q) = -q**3 - 4*q**2 - q - 4. Let a be ((-21)/(-6) + -4)*6. Let o = 21 + a. Let l = o - 22. Give r(l).
0
Let p(h) be the second derivative of -3*h**5/10 + 3*h**4/4 + 5*h**3/6 + 5*h**2 - 24*h. Let t(g) = g**3 + g. Let m(c) = -p(c) - 5*t(c). Give m(10).
-10
Let k(p) = p**2 + 6*p + 6. Let h be 26/1 - (10 - 8). Suppose 0*c - 4*b = -c + 12, -4*c - 2*b - h = 0. Calculate k(c).
-2
Let d(a) = -4*a + 28*a**2 - a**2 - 15*a**2 - 11*a**2 + 3. Calculate d(5).
8
Let i = 17 - 25. Let k = i + 10. Let y(b) = -b + 9*b**k - 1 - 13*b**2 + 0*b. Determine y(-1).
-4
Let w(t) = 5*t**2 - 8*t - 3. Let r(k) = 2*k - 7. Let j be r(3). Let p(z) = -z**2 + z + 1. Let b(y) = j*w(y) - 6*p(y). Give b(-3).
0
Let o(j) = j**2 + 3*j - 3. Let q = -6 - -6. Suppose -5*l = -0*h - h + 20, -3*h = 5*l + 20. Let g = l + q. What is o(g)?
1
Let u(s) = -20*s**3 + 2*s - 1. Suppose -5*a - 556 = -561. What is u(a)?
-19
Let l(u) = 155*u - 312. Let q be l(2). Let d(r) = -r**3 - 6*r**2 + 8*r + 9. Let v be d(-7). Let p(z) = -7*z + z + v*z - 3. What is p(q)?
5
Let s(l) = l**2 - 7*l + 4. Suppose 0 = -47*y + 29*y + 126. What is s(y)?
4
Let w(r) = 0 + 10 + 2*r - 5*r - 4. What is w(3)?
-3
Let l(q) = 3*q - 1 - 5 + 2*q + q**3 - 5*q**2. Suppose -178*b - b - 101*b = -1120. Calculate l(b).
-2
Let s(j) = -j**2 + 5*j - 2. Let p be s(4). Let z(n) = 60 + 6*n + 48 + n**p - 102. Let a(v) = -v**2 - 4*v - 6. Let g be a(-4). Determine z(g).
6
Let f(n) = -3*n**2 + 16*n + 11. Let w(c) = -2*c**2 + 13*c + 10. Let g(h) = -4*f(h) + 5*w(h). Determine g(0).
6
Suppose -5*w + 30 = -10*w. Let f(m) = -m + 23. Let u(l) = 11. Let s(z) = -2*f(z) + 5*u(z). Determine s(w).
-3
Let q(r) = 3*r - 21. Let t(n) = 4*n - 32. Let f(h) = 7*q(h) - 5*t(h). Let s be (12/(-8))/((-6)/16). Suppose -s*j = j + 30. Calculate f(j).
7
Let d(p) be the second derivative of 1/3*p**3 + p**2 - 1/10*p**5 - 1/6*p**4 + 0 + 4*p. What is d(-2)?
6
Let p(w) = -3*w**2 + 3*w + 3. Let k be -7*2/35 + (-9)/15. What is p(k)?
-3
Let a = -167 - -169. Let v be (16/(-12))/((-2)/3). Let h(t) = -t**2 - 3*t + 5*t - 1 - v. Calculate h(a).
-3
Let n be (-3 + 3 - -4)*(-3)/(-12). Let i be n/((-5)/(-2)) - 224/(-40). Let a(b) = b**3 - 6*b**2 - 3*b + 9. Calculate a(i).
-9
Let v(p) = -2*p**2 + 0 + 4 + 5*p - 11*p + p**2. Let a(j) = -j + 15. Let q be a(12). Suppose -l = -2*m - 15, 3 = -3*m - 2*l - q*l. What is v(m)?
4
Let h(u) = 3*u**3 + u**2 - 1. Let g(n) = 18*n**3 + 3*n**2 - n - 3. Let k(c) = -g(c) + 4*h(c). Let m = -2 - -1. Let x be (m + (-6)/(-4))*2. What is k(x)?
-5
Let c(o) = -18 + 2*o**3 - 3*o**3 - 36*o**2 + 10*o + 18*o**2 + 24*o**2. Give c(7).
3
Let l(u) = u + 8. Suppose 8*x - 36 = 4*m + 4*x, -3*x = 2*m + 23. Calculate l(m).
-2
Suppose 4*d + 8 = v - d, -4*v - 3*d = -9. Suppose 4*t - 2*f + f = 23, 2*t = -v*f + 1. Let k(l) = l**2 - 5*l + 7. Give k(t).
7
Let u(h) = -h**3 + 7*h**2 - 6*h + 3. Let p be u(6). Let v(i) = i - 5. Let y be v(7). Let n(d) = 13*d**p - 12*d**3 + 4*d - 5*d - d**y. What is n(0)?
0
Let s(a) = a**2 - a - 1. Let x(j) = -3*j + 2. Let z be x(1). Let p(u) = u**3 - 9*u**2 + 8*u + 9. Let r(k) = z*p(k) - 3*s(k). Let y be (-5)/(6/3 - 3). Give r(y).
-6
Let m(i) = 2*i - 1. Let c(l) = -l**3 + 5*l**2 + 5*l + 10. Let u be c(6). Suppose 0 = -3*s + 2*b - 11, s - u = -4*b + 11. What is m(s)?
-3
Let t(a) = -4*a**2 - 2*a + 1. Let r = -6 - -10. Let l(h) = -16*h**2 + 21*h**2 + 2*h - 27 + 25. Let x(b) = r*t(b) + 3*l(b). What is x(-5)?
-17
Let t(s) = s**3 - 5*s**2 + 5. Let l be 8 + -6 + (0 - -25). Let y = -23 + l. Determine t(y).
-11
Let w = 7 - 2. Suppose 2*h - 2*x = 3*h - 3, -w*h + 27 = -2*x. Suppose 15 = h*b - 0*b. Let p(s) = 2*s - 4. Give p(b).
2
Let y(s) = 2*s**2 + 1 + 2*s - 2*s - 11*s**2. Let g = 1062 - 1061. Calculate y(g).
-8
Let w(o) = -o**2 + 41*o + 355. Let d be w(48). Let h(b) = b**2 - 18*b - 21. Determine h(d).
-2
Let s(z) = 3*z**3 - z. Let h be (-1)/((4/2)/(-8 - -6)). Give s(h).
2
Let x(m) = -m**3 + 7*m**2 + 7. Let t = 28 + -22. Suppose -4 = t*s - 46. Give x(s).
7
Let s(p) = 6*p + 8. Let a(j) = 2*j + 6. Let i(y) = -4*a(y) + 3*s(y). Give i(1).
10
Let l(q) = q**3 + 5*q**2 + 3*q + 2. Let f(u) = -2*u. Let v be f(3). Let n be (v/(-9) - 0)*(7 - 13). Determine l(n).
6
Let z = 9 - -26. Suppose -z*t + 18 = -33*t. Let c(j) = j**2 - 7*j - 10. Calculate c(t).
8
Suppose 16*p - 41 = -2*z + 13*p, -57 = -3*z - 3*p. Let u(f) = -f**2 + 16*f + 11. Give u(z).
11
Let i(s) = -4*s - 34. Let m(d) = 5*d + 42. Let c(p) = 4*i(p) + 3*m(p). Determine c(-9).
-1
Let k(h) = -h + 2. Let m be k(7). Let t(v) = -v**2 - v + 3. Let r be t(0). Let c(o) = -5*o + 11 + 0*o + r*o + 3*o. Calculate c(m).
6
Let p = 1051 - 1048. Let i(x) = -x**3 + 5*x**2 - 4*x. Determine i(p).
6
Let u(d) = -d + 3. Suppose -4*h + 5*h - 13 = 0. Let p(l) = 8*l + l**3 - 23*l - h + 19*l**2 + 14*l. Let g be p(-19). Give u(g).
-3
Suppose s + 2*s = 0. Suppose 1 = -s*h - h. Let x(r) = -3*r. What is x(h)?
3
Let h(k) be the first derivative of 11 + 2*k - 3/2*k**2. Determine h(-2).
8
Let h(b) = -b - 4. Suppose 2*d - 60 = 5*l - 2*d, 4*l - 2*d + 42 = 0. Determine h(l).
4
Suppose -30 = -0*f - 5*f. Let c be (-4*(-9)/f)/2. Let d(i) = 3*i**c - 1 - 2*i**2 + 0*i**3 + 4*i**2 + 2*i**3. Calculate d(-1).
-4
Suppose 19*s = 22*s - 138. Let b = 42 - s. Let k(j) = j**2 - 1. Calculate k(b).
15
Let s(h) = -h**3 + 10*h**2 + 13*h + 6. Let k be s(11). Suppose 2*j = 4*i - k, -2*i + 7*i - 5*j - 40 = 0. Let f(g) = g - 4. What is f(i)?
2
Let w = 1 + -2. Let v = w + 4. Let b(p) = 3 + 3 + v*p - 1. Determine b(-4).
-7
Let p be 3 + (2 - 1) + 1. Let k(m) = 7*m**2 + p*m**2 + 2 + 2*m**3 - 14*m**2 - m**2. Let r(j) = j**3 + 2*j**2 - j. Let s be r(-2). What is k(s)?
6
Let z(q) = 2*q - 21. Let l be z(8). Let p(t) be the first derivative of -2*t**3/3 - 4*t**2 - 4*t + 1. Calculate p(l).
-14
Let n(z) be the second derivative of z**4/24 + 5*z**3/6 + 23*z**2/2 - 2*z. Let j(u) be the first derivative of n(u). What is j(5)?
10
Let n(m) = 6*m**2 - 4*m + 5. Let k(l) = 5*l**2 - 4*l + 4. Suppose -4 = -2*v + 5*j + 3, -v = 5*j - 11. Let c(u) = v*n(u) - 7*k(u). What is c(-5)?
7
Let k(j) = j**3 - 8*j**2 + 7*j + 3. Let p be k(7). Suppose p*t - 33 = -4*f, 3*f - 3*t + 1 = 10. Let h(q) = f - 3 - 1 - q. What